 156741881651 a composite number?
False
Is 45058417931 a prime number?
True
Is 717758101 a prime number?
False
Is 10248340799 prime?
False
Is 3852834131 composite?
True
Is 2966647885 a composite number?
True
Is 79527307903 a prime number?
True
Is 1303019447 a composite number?
True
Is 4513885703 a prime number?
False
Is 4136897729 prime?
False
Is 326525207 a prime number?
False
Is 3780304789 a composite number?
True
Is 23717891747 composite?
True
Is 44272312829 a composite number?
True
Is 175257641353 a composite number?
True
Is 1035191561 a composite number?
True
Is 640147483 a composite number?
False
Is 18044713157 a composite number?
False
Is 174219651599 composite?
True
Is 1220772481 composite?
True
Is 47467875463 a prime number?
True
Is 886096357 a prime number?
True
Is 645604679 a prime number?
True
Is 793800895 prime?
False
Is 1033464713 prime?
False
Is 100534401503 composite?
False
Is 30684710107 prime?
False
Is 50458856069 prime?
False
Is 17218538209 prime?
True
Is 771400582 a prime number?
False
Is 192550711 composite?
False
Is 125649113 composite?
False
Is 481453139 a prime number?
False
Is 117759496703 a prime number?
True
Is 4651816031 composite?
False
Is 694534403 a composite number?
False
Is 10056376321 composite?
True
Is 95486665903 a prime number?
False
Is 1771811171 prime?
False
Is 17453742037 a composite number?
False
Is 4901778971 a prime number?
True
Is 60070000663 a composite number?
False
Is 750962111 prime?
False
Is 1984169353 prime?
False
Is 7787543371 prime?
False
Is 18986125751 a prime number?
True
Is 1596959986 a prime number?
False
Is 1290047639 prime?
True
Is 1029863239 a prime number?
True
Is 127544249 prime?
False
Is 79109641727 a composite number?
True
Is 3955652293 prime?
False
Is 187063549 prime?
True
Is 233497149 a composite number?
True
Is 28289958929 prime?
False
Is 8990810429 a prime number?
True
Is 1705107307 composite?
False
Is 314802779 composite?
False
Is 61137883901 a composite number?
True
Is 40911902483 a composite number?
True
Is 182326558 a composite number?
True
Is 56144819389 prime?
False
Is 14872715749 a composite number?
True
Is 1142734343 prime?
False
Is 1760626397 a composite number?
False
Is 1212121073 prime?
False
Is 695067563 a prime number?
False
Is 56889534067 a composite number?
False
Is 1135454673 a prime number?
False
Is 111643919 a prime number?
True
Is 447903113 a composite number?
True
Is 3697268569 composite?
False
Is 33900027269 a composite number?
True
Is 21586465159 a prime number?
False
Is 862113677 prime?
False
Is 48176592493 a prime number?
False
Is 2303805137 a composite number?
True
Is 448583579 a composite number?
True
Is 11943994939 composite?
False
Is 31996910113 a prime number?
False
Is 20191248097 prime?
True
Is 832240951 prime?
False
Is 99797785271 a composite number?
False
Is 1640100823 a prime number?
False
Is 415508069 a prime number?
True
Is 3043809917 composite?
False
Is 37353825923 composite?
False
Is 259951418651 a prime number?
False
Is 742274831 prime?
True
Is 532607111 a prime number?
True
Is 7250599429 composite?
False
Is 146493736003 a composite number?
False
Is 1832367863 a prime number?
True
Is 46571331959 prime?
False
Is 121771781 a composite number?
False
Is 948741503 a prime number?
False
Is 5715058642 a composite number?
True
Is 2148098279 composite?
False
Is 42444251 composite?
True
Is 3954832823 composite?
False
Is 5883528947 composite?
False
Is 4643715227 a prime number?
False
Is 843432727 prime?
True
Is 11022557551 a prime number?
True
Is 28986004843 a prime number?
True
Is 7973343265 composite?
True
Is 115082893 prime?
False
Is 28231955639 composite?
False
Is 7030240417 a prime number?
True
Is 21168068729 prime?
True
Is 966465637 a prime number?
True
Is 9853582957 a prime number?
True
Is 32549157841 a prime number?
False
Is 30507128789 prime?
False
Is 218287422817 a prime number?
False
Is 3046947143 a prime number?
False
Is 22301554001 composite?
False
Is 166765186883 a prime number?
True
Is 171505516591 a composite number?
False
Is 6341865347 a prime number?
True
Is 585953 prime?
True
Is 9590139085 prime?
False
Is 516854531 prime?
True
Is 3649458691 prime?
False
Is 305339893 a composite number?
False
Is 2443908143 a composite number?
False
Is 321542119 composite?
False
Is 7413716657 prime?
True
Is 28467130157 a prime number?
True
Is 1166016289 composite?
False
Is 101264922769 a prime number?
False
Is 742129681 composite?
False
Is 1327708003 composite?
True
Is 1042679783 a composite number?
False
Is 33629188883 composite?
True
Is 204915683641 composite?
True
Is 55592519174 a composite number?
True
Is 297255841378 a composite number?
True
Is 2181516641 composite?
True
Is 7419122107 a prime number?
True
Is 2320621223 a composite number?
True
Is 180484181 a composite number?
True
Is 3463891439 a prime number?
True
Is 99352713451 composite?
False
Is 123588529 a composite number?
False
Is 1386457649 prime?
False
Is 103813334 prime?
False
Is 127830737 a prime number?
False
Is 24261538619 a composite number?
True
Is 698261657 a prime number?
False
Is 528937086721 a composite number?
False
Is 3975145561 a composite number?
False
Is 1938497681 a prime number?
True
Is 410589121 a prime number?
True
Is 1275413383 composite?
True
Is 376325867 a composite number?
True
Is 6872373083 a prime number?
True
Is 603263735 composite?
True
Is 1028959207 a composite number?
True
Is 17177306273 prime?
True
Is 3258463441 a prime number?
False
Is 193428649 a prime number?
True
Is 441693013 a composite number?
True
Is 8489970733 composite?
True
Is 15629710069 composite?
False
Is 2425594637 composite?
False
Is 3871805939 a prime number?
True
Is 34673597533 composite?
False
Is 980908879 a composite number?
True
Is 29858297923 a composite number?
False
Is 77344239241 a prime number?
True
Is 210831269294 prime?
False
Is 2166805547 composite?
True
Is 15167652437 a prime number?
False
Is 1702018013 composite?
False
Is 37335985 a composite number?
True
Is 33251941043 a composite number?
False
Is 98253349 prime?
False
Is 11081460041 prime?
False
Is 124809497 composite?
False
Is 10374059393 a prime number?
False
Is 18330677357 a prime number?
True
Is 495258947 composite?
False
Is 401197501 a prime number?
False
Is 1623611281 composite?
True
Is 610621111 prime?
False
Is 4881841823 prime?
True
Is 38838823 a composite number?
False
Is 89268361043 a prime number?
False
Is 217937173 a composite number?
False
Is 33365837473 composite?
False
Is 16408833907 composite?
False
Is 1266104839 a prime number?
True
Is 52722180691 prime?
False
Is 8600881 prime?
True
Is 22013837338 composite?
True
Is 30194269 a prime number?
False
Is 687072389 a prime number?
False
Is 110733767519 prime?
True
Is 2316371215 a composite number?
True
Is 91744390631 a prime number?
True
Is 2577902191 a composite number?
True
Is 288954078989 a prime number?
True
Is 33627469 a prime number?
False
Is 465175780438 composite?
True
Is 2447777323 a prime number?
False
Is 370424377 prime?
False
Is 251059270505 prime?
False
Is 661785203 a prime number?
True
Is 61941155821 composite?
True
Is 176245039 composite?
True
Is 15697976971 composite?
False
Is 11471287457 a prime number?
False
Is 4611869861 a prime number?
True
Is 678340967 prime?
True
Is 2281585447 composite?
False
Is 39191643353 a composite number?
False
Is 44554621 composite?
True
Is 122038163603 a composite number?
True
Is 365044819 composite?
True
Is 32124710437 prime?
False
Is 481385401 a composite number?
True
Is 663360647 a composite number?
False
Is 24388367 composite?
False
Is 55376389895 prime?
False
Is 4116695579 a composite number?
False
Is 15114864113 prime?
False
Is 26969597789 prime?
False
Is 465980969 a composite number?
False
Is 1456054667 a prime number?
True
Is 8446084861 a prime number?
True
Is 336886633 prime?
False
Is 6551160169 composite?
True
Is 329162009851 a prime number?
False
Is 142020199 prime?
True
Is 7750065839 a prime number?
True
Is 35798778931 a composite number?
False
Is 225255229 a prime number?
False
Is 257915415499 a prime number?
False
Is 9252105017 composite?
True
Is 6630073897 a composite number?
False
Is 4360010657 a composite number?
True
Is 43993507861 a composite number?
True
Is 120041162741 prime?
False
Is 319706627